*q + 848 = -901, -m = 2*q - 572. Suppose -677 = -5*d + m. Suppose -6*c - d = -1175. What is the greatest common factor of 14 and c?
14
Let i be (-7)/(-7 + -1 - -7). Suppose i*f - 1825 = -250. Calculate the greatest common factor of 25 and f.
25
Let q be (1071/102 - 23/2)*-29. Let b(k) = 117*k**2 - 1. Let s be b(-1). Calculate the highest common divisor of q and s.
29
Let f = 3589 - 3353. What is the highest common factor of f and 59?
59
Let s(a) = 4*a**2 - 83*a + 13. Let r be s(18). Let t = -177 - r. Calculate the greatest common factor of 136 and t.
8
Suppose -700 = -20*t - 180. What is the highest common divisor of 2106 and t?
26
Let p(g) = 86*g**2 + 55*g + 13. Let m be p(-12). Calculate the greatest common factor of 363 and m.
121
Let h(f) = -f**3 + 9*f**2 + 29*f + 23. Suppose -v = -2*u - 15, 2*v - 14 = 2*u - 6*u. Let n be h(v). Calculate the highest common factor of 50 and n.
50
Let f = -886 - -1176. Calculate the greatest common factor of f and 220.
10
Let b be 207/((-8)/(-72)*-3*(-3)/1). What is the greatest common factor of b and 299?
23
Suppose -98 = -22*z + 12. Let n be (5/1 - z) + (0 - -36). Let m be (9*-8)/(6/(-4)). What is the greatest common factor of m and n?
12
Suppose -5*c - 719 + 1919 = 0. Suppose -i - 5*m = -4*m - 2, -24 = -3*i + 3*m. Suppose -i*n = -5 - 145. Calculate the greatest common factor of c and n.
30
Let l(o) = -3*o - 118. Let g be l(5). Let r = g - -341. What is the highest common divisor of r and 16?
16
Suppose 8*m = -m + 810. Suppose 15*u + m = 405. Let h(d) = 26*d**2 - 3. Let i be h(-3). What is the greatest common factor of i and u?
21
Let j = 96 - 22. Suppose -5*x = -j - 106. Calculate the greatest common factor of 36 and x.
36
Let z(b) = -b**2 - 8*b - 7. Let c be z(-5). Let u = -1739 + 1851. What is the greatest common divisor of c and u?
8
Let l be 24/6*-1 + 22. Let i be 3*96/(-40)*(-40)/l. Calculate the greatest common factor of i and 400.
16
Let b be (-28)/21 - ((-19)/3 + -1). Let o(t) = 6*t**2 + 40*t - 2. Let i be o(-10). What is the highest common factor of b and i?
6
Let c(l) = -3*l**3 - l**2 - l - 4. Let f be c(-3). Let u be (1 + f/(-3))*-3. Suppose 9180 = 13196*x - 13106*x. What is the highest common factor of u and x?
34
Let g be (-1)/(9/(-6)) - (-700)/(-6). Let a be (g/(-8))/(1/2). Suppose 0 = 2*o + 11 - a. Calculate the highest common divisor of 6 and o.
3
Let t = 381 + -385. Let z be ((-189)/6 + -2)*t/2. What is the greatest common factor of 268 and z?
67
Suppose 2*r - 16 = -2*y, 5*y - 36 = r - 4*r. Suppose y*k = k + 15. Suppose 0 = k*d - d - 80. Calculate the highest common divisor of d and 8.
8
Let q(l) = -3*l - 2. Let c(b) = -56*b + 12. Let a(v) = 2*c(v) + 6*q(v). Let x be a(-4). What is the highest common divisor of 28 and x?
28
Let n be 6 - (-2)/4*(-66)/11. Suppose -o + 3*w = -20, w - 80 = -n*o - 0*w. Let a = o + -14. What is the greatest common factor of 156 and a?
12
Suppose 37 = 3*d - g, 12 - 31 = -2*d - 5*g. What is the highest common factor of 99 and d?
3
Suppose 0 = -40*d + 47*d - 441. Let m be 2*d/(-12)*116/(-203). Let l be -21*(-1 - (-3)/21). What is the greatest common factor of m and l?
6
Let a(w) = -75*w**3 + 3*w**2 + 14*w + 12. Let g be a(-1). Calculate the greatest common factor of 2014 and g.
38
Let m(g) = 12*g - 3. Let c be m(2). Suppose 0 = -c*z + 19*z + 14. Let k = z + 11. Calculate the highest common divisor of k and 2.
2
Let b be (-5 - (-672)/60)*5. Suppose -2232 = -18*k + 10*k. Calculate the greatest common factor of k and b.
31
Suppose 55 = -9*o + 4*o. Let r = o + 200. Suppose 0*j - 21 = -j. What is the greatest common divisor of r and j?
21
Let j(n) = 33*n**2 - 91*n - 899. Let o be j(-25). What is the greatest common factor of o and 98?
49
Suppose 0 = 3*o - 48*t + 43*t - 11343, 4*o - t - 15124 = 0. What is the greatest common factor of o and 38?
19
Let m = 96 - 134. Let d = -15 - m. Calculate the highest common divisor of 92 and d.
23
Let s(f) = f**3 + 6*f**2 - 3*f + 7. Let g be s(-6). Let r = g - 18. Let c be 31/5 + 8/10. Calculate the greatest common factor of c and r.
7
Suppose -60*z = 5*l - 63*z - 2778, 2*z = -5*l + 2748. What is the highest common divisor of 192 and l?
24
Suppose -d + 1170 = -3*s - 830, 2*s = 4*d - 8030. What is the greatest common factor of d and 147?
49
Let n be (-1755)/18*(-8)/6 + -6. What is the greatest common divisor of n and 3100?
124
Let x(c) = 4*c - 1. Let t be x(2). Let l(y) = 106*y**3 - 3*y**2 + 2*y. Let j be l(1). Let v = -7 + j. What is the greatest common divisor of v and t?
7
Suppose 13*j + 6822 = -1524. Let v = -632 - j. Calculate the greatest common factor of 65 and v.
5
Let j = -141 - -83. Let m be 794/4 - j/(-116). Calculate the highest common factor of 264 and m.
66
Let u(i) = 2405*i + 74. Let h be u(0). Let v(z) = -131*z - 3. Let q be v(-2). What is the greatest common divisor of q and h?
37
Let q be (19/(152/(-372)))/(5/((-4160)/12)). Calculate the greatest common divisor of 620 and q.
124
Let r(j) = 61*j + 819. Let h be r(-7). Suppose -2*p = 5*m + 1, -2*m + 4*p = -m - 13. Let n be (0 + 7)/(m/7). Calculate the greatest common divisor of n and h.
49
Let g(v) be the first derivative of 4*v**3/3 + 6*v**2 - 14*v - 167. Let f be g(-5). What is the highest common factor of f and 2?
2
Let h = 5353 - 4632. Calculate the greatest common divisor of 412 and h.
103
Let o be 5047/9 + ((-3)/(-27))/((-9)/(-18)). Calculate the greatest common divisor of o and 459.
51
Let m be -21*28/72 - 1/(-6). Let s be (-38869)/(-188) - 2/m. Calculate the highest common divisor of 23 and s.
23
Suppose 0 = -134*o + 38*o + 69*o + 121500. Calculate the highest common divisor of 720 and o.
180
Suppose 258 = 3*x - 4*l - 124, 0 = -2*x - l + 262. Calculate the highest common divisor of x and 5798.
26
Let s(r) = -4*r + 4. Let v be s(-6). Let t = 9215 + -8921. What is the greatest common divisor of v and t?
14
Let g = 2138 - 1046. What is the greatest common divisor of 3108 and g?
84
Let g be (-1854)/(-10) - (476/(-35) + 14). Calculate the greatest common factor of g and 15.
5
Let c(p) = p**2 + 537*p + 2714. Let v be c(-5). Suppose 0 = 4*a - 242 - 298. Calculate the greatest common divisor of a and v.
27
Suppose 2*f = -7*w + 2200, 158*f - 153*f - 40 = 0. Let g = 76 + -52. What is the highest common divisor of g and w?
24
Suppose 0 = 28*s - 22301 - 124867. What is the highest common divisor of s and 3?
3
Suppose 3*n - 24 = -2*o, 5*n - 2*n = o + 15. Let j be (-28)/(-6) + n/(-9). Let a be 2/18 - (-428)/36. Calculate the greatest common divisor of a and j.
4
Let g(s) = 3*s**3 - 2*s**2 - 22*s. Let y be g(-5). Let m = 379 + y. Calculate the greatest common divisor of m and 40.
8
Let w(r) = -12*r - 4. Let f be w(5). Suppose 0 = -5*a - 3*x - 333, x - 262 = 2*a - 120. Let c = f - a. Calculate the highest common divisor of c and 125.
5
Let q be 0 - (-3 + 22)/((-1)/10). Suppose -3*w - 61 = -k, -5*k - 4*w = -452 + 52. Calculate the greatest common divisor of k and q.
38
Let c = -519 + 351. Let n be (-784)/c*54/7. Calculate the highest common factor of n and 900.
36
Let a(r) = -4*r + 3. Let g be a(-2). Let p = -4 + g. Let b = -393 - -470. What is the highest common factor of b and p?
7
Let v(s) = -198*s**3 + 3*s**2 + 9*s + 6. Let o be v(-2). What is the highest common divisor of o and 11?
11
Let d(j) = -2*j**3 - 28*j**2 - 78*j - 10. Let z be d(-12). What is the highest common factor of z and 710?
10
Let j = -10845 + 35750. What is the greatest common divisor of j and 85?
85
Let x(l) = -l + 1222. Let f be x(-80). Calculate the greatest common factor of f and 1209.
93
Let v be (150/(-1275) + 176/(-238))*-133. Calculate the highest common factor of v and 1218.
6
Suppose -4*a - 18 = -3*p - 7*a, -4*a = -2*p - 12. Let t be 2/7 + (p - 4995/(-35)). Calculate the greatest common divisor of 5 and t.
5
Suppose -3*c = -211*w + 216*w - 27, -4*w - 3*c = -21. Suppose r + 2 = 4. Let p be (r/(-5))/((-2)/30). What is the highest common divisor of w and p?
6
Let i = -392348 + 392908. Let r be 35/1*1 + 0. Calculate the greatest common factor of r and i.
35
Suppose o - 2*o = -30. Let c = 497 - 394. Suppose -d = -2*p + 86, -2*p + c = 3*d + 1. What is the highest common divisor of o and p?
15
Let p(f) = -3*f + 147*f - 15 + 55*f. Let a be p(1). What is the greatest common factor of 23 and a?
23
Let